4462?
4
What is the tens digit of 4952915?
1
What is the millions digit of 4026963?
4
What is the ten thousands digit of 432903?
3
What is the hundred thousands digit of 154193?
1
What is the ten thousands digit of 278149?
7
What is the thousands digit of 405515?
5
What is the thousands digit of 242250?
2
What is the hundreds digit of 3670950?
9
What is the units digit of 4617533?
3
What is the hundreds digit of 119923?
9
What is the hundred thousands digit of 106146?
1
What is the thousands digit of 456438?
6
What is the hundred thousands digit of 7070831?
0
What is the tens digit of 587977?
7
What is the millions digit of 1061433?
1
What is the ten thousands digit of 164171?
6
What is the thousands digit of 1432854?
2
What is the thousands digit of 4593534?
3
What is the ten thousands digit of 2639545?
3
What is the units digit of 307620?
0
What is the tens digit of 11377504?
0
What is the thousands digit of 1050915?
0
What is the tens digit of 214766?
6
What is the ten thousands digit of 217548?
1
What is the thousands digit of 2399128?
9
What is the hundreds digit of 27164?
1
What is the ten millions digit of 13509915?
1
What is the ten thousands digit of 298288?
9
What is the ten thousands digit of 732694?
3
What is the hundreds digit of 251724?
7
What is the hundred thousands digit of 7724870?
7
What is the hundred thousands digit of 1905169?
9
What is the thousands digit of 12430388?
0
What is the hundreds digit of 788183?
1
What is the hundred thousands digit of 225551?
2
What is the hundreds digit of 380297?
2
What is the ten thousands digit of 1021045?
2
What is the millions digit of 5316920?
5
What is the units digit of 758453?
3
What is the tens digit of 15531510?
1
What is the ten millions digit of 19345269?
1
What is the hundreds digit of 10445080?
0
What is the tens digit of 2500606?
0
What is the tens digit of 133618?
1
What is the hundreds digit of 250704?
7
What is the units digit of 4646840?
0
What is the hundred thousands digit of 611270?
6
What is the hundred thousands digit of 180768?
1
What is the millions digit of 16374321?
6
What is the millions digit of 13095551?
3
What is the ten thousands digit of 4841417?
4
What is the millions digit of 4121575?
4
What is the thousands digit of 62735?
2
What is the units digit of 41794531?
1
What is the hundreds digit of 4551732?
7
What is the thousands digit of 2298421?
8
What is the units digit of 238904?
4
What is the tens digit of 1788666?
6
What is the hundred thousands digit of 1026352?
0
What is the units digit of 794326?
6
What is the ten thousands digit of 8714725?
1
What is the hundreds digit of 4655386?
3
What is the millions digit of 1687882?
1
What is the thousands digit of 1961006?
1
What is the units digit of 729916?
6
What is the ten thousands digit of 327726?
2
What is the units digit of 4160601?
1
What is the tens digit of 10160?
6
What is the tens digit of 92134?
3
What is the units digit of 125761?
1
What is the units digit of 205306?
6
What is the units digit of 1544411?
1
What is the millions digit of 2177950?
2
What is the ten thousands digit of 149914?
4
What is the tens digit of 16813190?
9
What is the millions digit of 4459265?
4
What is the thousands digit of 1076825?
6
What is the ten thousands digit of 256346?
5
What is the thousands digit of 207437?
7
What is the hundred thousands digit of 3650302?
6
What is the hundred thousands digit of 883838?
8
What is the ten thousands digit of 111723?
1
What is the ten thousands digit of 46612?
4
What is the ten thousands digit of 1269803?
6
What is the hundreds digit of 1105705?
7
What is the hundreds digit of 4377302?
3
What is the tens digit of 92593?
9
What is the units digit of 270826?
6
What is the hundreds digit of 8929315?
3
What is the ten thousands digit of 7606282?
0
What is the ten thousands digit of 351451?
5
What is the tens digit of 3208863?
6
What is the thousands digit of 225684?
5
What is the hundred thousands digit of 720478?
7
What is the units digit of 317516?
6
What is the hundreds digit of 17142463?
4
What is the units digit of 204535?
5
What is the ten thousands digit of 3126746?
2
What is the hundreds digit of 524759?
7
What is the tens digit of 1906338?
3
What is the ten thousands digit of 11463643?
6
What is the hundreds digit of 16181560?
5
What is the tens digit of 1442504?
0
What is the tens digit of 5363926?
2
What is the thousands digit of 57468?
7
What is the tens digit of 201452?
5
What is the ten thousands digit of 918365?
1
What is the tens digit of 193022?
2
What is the hundreds digit of 114963?
9
What is the tens digit of 172056?
5
What is the thousands digit of 297258?
7
What is the units digit of 30149787?
7
What is the hundred thousands digit of 918024?
9
What is the units digit of 34945?
5
What is the hundreds digit of 126588?
5
What is the hundreds digit of 1099198?
1
What is the units digit of 1198990?
0
What is the units digit of 428814?
4
What is the thousands digit of 1522669?
2
What is the hundreds digit of 464033?
0
What is the hundred thousands digit of 259779?
2
What is the hundreds digit of 145402?
4
What is the units digit of 51653?
3
What is the thousands digit of 15649?
5
What is the tens digit of 2804059?
5
What is the hundred thousands digit of 2100165?
1
What is the hundreds digit of 259449?
4
What is the tens digit of 269751?
5
What is the hundreds digit of 9658976?
9
What is the hundreds digit of 3828163?
1
What is the thousands digit of 2206939?
6
What is the units digit of 835466?
6
What is the units digit of 36914713?
3
What is the millions digit of 42191570?
2
What is the hundred thousands digit of 19076491?
0
What is the hundreds digit of 102927?
9
What is the thousands digit of 62621?
2
What is the ten thousands digit of 667293?
6
What is the ten thousands digit of 6139700?
3
What is the hundreds digit of 305948?
9
What is the hundreds digit of 343796?
7
What is the hundreds digit of 747598?
5
What is the ten millions digit of 14051565?
1
What is the units digit of 3186595?
5
What is the tens digit of 21808530?
3
What is the thousands digit of 5140298?
0
What is the ten thousands digit of 43150?
4
What is the millions digit of 5098660?
5
What is the hundred thousands digit of 130239?
1
What is the hundreds digit of 340859?
8
What is the ten thousands digit of 16582?
1
What is the tens digit of 715848?
4
What is the hundreds digit of 545046?
0
What is the hundreds digit of 234306?
3
What is the units digit of 3349559?
9
What is the thousands digit of 2791447?
1
What is the ten thousands digit of 2341189?
4
What is the tens digit of 223949?
4
What is the hundreds digit of 119184?
1
What is the hundreds digit of 43579?
5
What is the units digit of 197768?
8
What is the ten thousands digit of 125612?
2
What is the hundred thousands digit of 2130144?
1
What is the units digit of 25850613?
3
What is the ten thousands digit of 163540?
6
What is the thousands digit of 2678017?
8
What is the thousands digit of 151103?
1
What is the thousands digit of 434675?
4
What is the units digit of 665858?
8
What is the thousands digit of 1686086?
6
What is the millions digit of 1739556?
1
What is the millions digit of 22128549?
2
What is the hundred thousands digit of 5800888?
8
What is the thousands digit of 8444847?
4
What is the units digit of 11486010?
0
What is the units digit of 4517080?
0
What is the tens digit of 20063226?
2
What is the hundreds digit of 1241490?
4
What is the hundreds digit of 51035?
0
What is the units digit of 16373265?
5
What is the tens digit of 8690?
9
What is the millions digit of 2530290?
2
What is the thousands digit of 224248?
4
What is the tens digit of 502348?
4
What is the hundred thousands digit of 9737185?
7
What is the tens digit of 527707?
0
What is the ten thousands digit of 615549?
1
What is the ten thousands digit of 3363698?
6
What is the hundred thousands digit of 8816326?
8
What is the ten thousands digit of 1248120?
4
What is the ten thousands digit of 12188098?
8
What is the hundreds digit of 208643?
6
What is the ten thousands digit of 71045?
7
What is the hundreds digit of 171265?
2
What is the hundred thousands digit of 5898050?
8
What is the hundreds digit of 1346199?
1
What is the thousands digit of 1053767?
